2 + 10*k + 15. Let d be o(-4). Let a(s) = -s**3 - 8*s**2 + 8*s - 6. Calculate a(d).
3
Let m = -538 - -540. Let f(u) = 18*u - 1. What is f(m)?
35
Let x(w) = 2*w + 21. Let u(l) = -5*l - 42. Let r(m) = -4*u(m) - 9*x(m). What is r(7)?
-7
Suppose 22 = -y + 17. Let s(k) = -4*k - 1 + 5*k - 3. Determine s(y).
-9
Let g be (0/4)/(-3) - -7. Let l = -2 + g. Let f(y) = 5 + 0*y**2 + 0 + y**2 - 2*y**2 + 3*y. Determine f(l).
-5
Let i(b) be the first derivative of 2*b**2 + b - 1/3*b**3 + 2. Calculate i(3).
4
Let d(m) be the second derivative of 5/6*m**3 - 2*m**2 + 1/12*m**4 + 0 + m. Determine d(-6).
2
Let d(y) be the first derivative of y - 9 + 3/2*y**2. Let u be -2 + 3 + 0 + -2. What is d(u)?
-2
Let p(r) = 2775*r**2 - 4*r - 4*r + r**3 - 2768*r**2. Let q(a) = -18*a + 1. Let m be q(-1). Let h = 11 - m. What is p(h)?
0
Let f(l) = -l**3 - 3*l**2 + 4*l - 1. Let s be (-6)/(-2)*(-4)/(-4). Suppose -2 = c - 4. Suppose -y + 10 = c*j - 6*j, 3*j = 3*y - s. Determine f(j).
-13
Suppose -4*w - w + 30 = 0. Let l(v) = -8*v + w*v - 3 - 6*v. Give l(-2).
13
Let b(h) = h**2 + h - 9. Suppose 3*u - 5*r + 12 = 0, 8 + 1 = 3*r. Let p be (0*u*4/(-12))/1. Calculate b(p).
-9
Let j(c) = -3*c**2 + 80*c + 25. Let f be j(27). Let u(p) = -p**3 - 2*p**2 - 2*p + 2. Calculate u(f).
6
Let d = 140 - 144. Let h(u) = -u**3 - 3*u**2 + 7*u + 5. What is h(d)?
-7
Let s(l) = -5*l - 5. Let w(t) = -t**2 - 25*t - 145. Let z be w(-15). Give s(z).
-30
Let i(m) = m**3 - 12*m**2 + 28*m + 42. Let b be i(7). Let g(u) = u**2 + 8*u - 3. Give g(b).
-10
Let u(n) = 465 + 9*n**2 - 460 - 5*n + 4*n + 3*n. Let w be 38/6 - 6/(-9). Let s(b) = 13*b**2 + 3*b + 7. Let r(p) = w*u(p) - 5*s(p). Determine r(-1).
-1
Let u(h) = h**2 + h + 2. Let c(b) = -b**3 - 2*b**2 - 9*b - 12. Let i(m) = -c(m) - 6*u(m). Determine i(3).
0
Let g(i) be the second derivative of -i**5/20 + 7*i**4/12 - 5*i**3/6 - i**2 - 28*i. Suppose 0 = -5*n + 24 + 6. Calculate g(n).
4
Let m(p) = -20*p**3 + 19*p**3 + 2*p + 5*p**2 - 4 - 2. Suppose 11*w + 9 - 64 = 0. Calculate m(w).
4
Let b(z) = -z**2 + 5. Suppose -55 = -5*i - 3*r + 16, -5*r + 65 = 5*i. Let v = i - 16. Let a be (-3)/(-6)*-2*v. Determine b(a).
5
Suppose -t + 6 = -2*j - 5, -5*t + 5*j = -30. Let o(a) be the third derivative of -a**4/4 - 30*a**2. Give o(t).
-6
Let y(l) = 4*l**2 + 22*l - 7. Let u be y(-6). Let x(z) = z**2 - 8*z + 7. What is x(u)?
-8
Let h be (-3)/1 + 2*9. Let l be (1/2)/(h/120). Let o(b) = -b**2 + 4*b + 1. Determine o(l).
1
Let c(y) = 16*y - 1. Let t(a) = -7*a + 1. Let l(m) = -3*c(m) - 7*t(m). What is l(0)?
-4
Let r = -19 + 27. Let t be (35/5 + -6)*217. Let v(w) = 205 - t + r*w + 2*w - w**2. What is v(8)?
4
Let n = -18 - -10. Let c(d) = 2232*d - 5 + 2223*d - 4456*d. Determine c(n).
3
Let l(u) be the first derivative of 7*u**2/2 + 29*u + 625. What is l(-5)?
-6
Let a be 3/(-6)*9*128/(-288). Let m(y) = 3 + 1 + y**3 - 2*y**2 - 3. Give m(a).
1
Let f(s) = -s**2 + 9*s - 2. Let b(n) = -6*n**2 + 45*n - 11. Let j(t) = 2*b(t) - 11*f(t). Give j(-9).
0
Let x(t) = -t**3 + 2*t**2 + 4*t - 4. Let b = -14 + 28. Suppose -20 = -5*n, -s + 3*s + b = 5*n. Calculate x(s).
-1
Let c = 74 - 51. Let h(g) = -6 + 6 - 22*g + c*g. Calculate h(-4).
-4
Let t(w) = -1. Let m(f) = -f + 7. Let g(o) = -2*m(o) - 11*t(o). Suppose 0 = -s - p - 6, 0*s + 3*s = -4*p - 20. Let y = -2 - s. What is g(y)?
1
Let d(q) = q**3 - 5*q**2 + q - 1. Let y(o) = -2*o - 15. Let a be y(-9). Suppose -4*p - 19 + 49 = 2*v, -95 = -a*v + 4*p. Let r = v - 20. Determine d(r).
4
Let h = 122 + -162. Let r = h - -41. Let c(a) = 3*a**3 - 2*a**2 + 1. Give c(r).
2
Let z(x) = 0*x**2 + x**2 + 953 - 951. What is z(0)?
2
Let u(p) = -3 - 7*p + 0*p + 4. Let t(w) be the third derivative of -w**4/24 - 2*w**3/3 + 3*w**2. Let r be t(-5). Give u(r).
-6
Let h(r) = -r + 4. Suppose 7 = 10*o - 3*o. Let x be o/(((-15)/(-18))/(-5)). Determine h(x).
10
Let o(j) = -15 - 32*j**2 - j + 33*j**2 + 9 + 11. Determine o(-4).
25
Let w(f) = 14*f**2 - f. Suppose -3*u = 4*c - 209, -2*u - 44 = -c + 11. Let o = c + -54. Calculate w(o).
15
Let p(v) be the second derivative of v**4/12 + 5*v**3/6 + 3*v - 459. Suppose 5 = -5*l - 20. Determine p(l).
0
Let l be (-6)/39 + (-63)/13. Let c(u) be the third derivative of -u**6/120 - u**5/10 - u**4/4 - u**3/3 - 98*u**2. What is c(l)?
3
Suppose 2*u - 2 - 2 = 0. Let q(z) = 10*z**2 - 19*z**2 - 1 + 8*z**2 + u + z**3 - z. Calculate q(-2).
-9
Let n(g) = g - 1. Let y(m) = m**3 - 8*m**2 + 6*m + 8. Let h be y(7). Let x(j) = -j**2 + 2*j. Let v be x(h). Give n(v).
0
Suppose 2 = -2*w + 6. Let a(n) = -n**3 + 271 + w*n**3 + 4*n**2 - 272 - 2*n. Give a(2).
19
Let r = 1231 + -1224. Let g(a) = 2*a**2 + 7*a + 4. Let b(d) = -3*d**2 - 14*d - 9. Let y(v) = -3*b(v) - 5*g(v). Calculate y(r).
7
Suppose -65 = -5*v + 290. Let f = v + -64. Let b(r) = -r**3 + 8*r**2 - 6*r - 3. What is b(f)?
4
Let k be 3/(-2) + (-23)/46 - -3. Let y(x) = 16*x. What is y(k)?
16
Let g(f) = -4*f. Let m(s) = 2*s - 5. Suppose -12*l = -10*l - 6. Let n be m(l). Give g(n).
-4
Let m(h) = -3*h**3 - 5*h**2 + h - 5. Let y = 175 + -170. Let w(j) = 2*j**3 + 2*j**2 + 3. Let k(l) = y*w(l) + 3*m(l). Give k(4).
-4
Let t = -8428 - -8426. Let c(l) = -9*l**2 + 14*l**2 + 4 + 8*l**2 + 8*l. Let r(u) = -3*u**2 - 2*u - 1. Let z(n) = -4*c(n) - 18*r(n). What is z(t)?
2
Let h(u) = 3*u**2 - 2. Let b be (0 + -11)/(1 - 2). Let i(j) = 8*j**2 - 6. Let z(y) = b*h(y) - 4*i(y). Determine z(-2).
6
Suppose 20 = -2*h + 7*h. Suppose 0*i = -4*y - 2*i + 10, -y + 19 = -5*i. Let s(q) = -5*q + 2*q - 5 + y*q**2 + q**2 - 4*q**2. What is s(h)?
-1
Let z(u) = u - 18*u**2 + 49*u**2 + 2 - 16*u**2 - 16*u**2 - 1. Let l(t) = -t**2 + 3*t + 2. Let i be l(4). Determine z(i).
-5
Let p be (24/10)/((-2)/(-10)). Let y = 7 - p. Let j(n) = -23*n - 11. Let k(o) = -28*o - 12. Let f(v) = -5*j(v) + 4*k(v). What is f(y)?
-8
Let y(v) = 59*v + 179. Let i be y(-3). Let s(a) = -a**3 - 2*a**2 + 4*a. What is s(i)?
-8
Let s(z) = -z**3 - 3*z**2 + 3*z + 2. Let y(x) = 6*x - 20. Let o be y(12). Let d = o + -20. Let p = -36 + d. Calculate s(p).
6
Let d(s) = s + 6. Let n(c) = 0*c + 159 - 3*c - c + c**2 - 165. Let f = -11 + 15. Let k be n(f). Determine d(k).
0
Let d(a) = -3*a - 2. Let m(u) = -8*u - 5. Let r(o) = -11*d(o) + 4*m(o). Calculate r(0).
2
Let c be (12/(-10))/(28/70). Let k = 0 + c. Let t(y) = 3 + 1 - 7 - y. What is t(k)?
0
Let n(x) = -6*x**2 + 36*x - 5. Let j(o) = o**2 - 7*o + 1. Let v(t) = 11*j(t) + 2*n(t). Let a be 3/6*(-156)/13. Give v(a).
-5
Let y(c) = -c**3 - 9*c**2 - 12*c - 4. Let h be (-1015)/116 + (-6)/(-8). Calculate y(h).
28
Let v = 0 - -1. Let a = v + -5. Let o(c) = c**3 - 9*c**2 - 10. Let u(y) = y**3 - 11*y**2 + y - 11. Let q(l) = 7*o(l) - 6*u(l). Calculate q(a).
4
Let u(v) = -10*v + 38. Let j = -1592 + 1596. Calculate u(j).
-2
Suppose 9 = -3*a + 6*a. Let y(t) = -62*t**2 + 63*t**2 + 5 - a. Calculate y(0).
2
Let d(r) be the second derivative of r**5/20 + r**4 - r**3/6 - 2*r**2 + 44*r. Determine d(-12).
8
Let d(t) be the third derivative of t**6/120 + t**5/12 - t**4/6 + 7*t**3/3 - 63*t**2 - 4. Determine d(-6).
2
Let j(t) be the first derivative of -t**2/2 + 5. Let p(r) = r**2 + 6*r + 9. Let l be p(-3). Calculate j(l).
0
Let t(r) = -r**3 - 2*r**2 + 9*r + 9. Let k be t(-4). Suppose 3*b - 2 = d, 0 = -5*d + 4*d - k. Let q(o) = 3*o**3 - o**2 + o + 1. Give q(b).
-4
Suppose -204*o + 194*o + 130 = 0. Let h(c) = c**3 - 11*c**2 - 25*c - 8. Determine h(o).
5
Let p(q) = -2*q**2 + 49*q + 51. Let k(x) = -x**2 + 26*x + 25. Let o(m) = 7*k(m) - 4*p(m). Give o(16).
3
Let t(k) be the second derivative of -8*k + 1/2*k**3 + 5/2*k**2 + 0. Calculate t(-4).
-7
Let y(t) be the first derivative of 9 + 1/4*t**4 - 9*t - 5*t**2 + 7/3*t**3. Calculate y(-8).
7
Let p(j) be the third derivative of j**4/8 + 5*j**3/6 - 3*j**2. Let c = 46 + -51. Determine p(c).
-10
Let y(t) = -t**3 + 5*t**2 - t. Let r(u) = 10*u**2 + 2*u + 2. Let s be r(-2). Let m = s - 33. Calculate y(m).
-5
Let j(f) = 43 + 0*f**3 - f**3 - 5*f - f**3 - 77 + 39. Give j(2).
-21
Let r(p) be the second derivative of -p**3/6 + 7*p**2/2 + 16*p. What is r(9)?
-2
Let b(q) be the third derivative of q**6/720 + q**5/120 - q**4/6 - 4*q**2. Let s(m) be the second derivative of b(m). Let r = -8 - -4. What is s(r)?
-3
Let k(w) = w. Let g(u) = u**2 - 2*u + 1. Let l = 30 - 31. Let f(s) = l*g(s) + 2*k(s). Determine f(3).
2
Let f(y) = -y**2 + 14*y - 